00634?
0
What is the tens digit of 8145961636?
3
What is the hundreds digit of 31003542?
5
What is the units digit of 622332922?
2
What is the units digit of 2289993449?
9
What is the tens digit of 254525032?
3
What is the ten thousands digit of 2733203743?
0
What is the tens digit of 2590927141?
4
What is the hundred millions digit of 1716332930?
7
What is the millions digit of 402689915?
2
What is the hundred thousands digit of 770519921?
5
What is the thousands digit of 45658551?
8
What is the ten millions digit of 16928445?
1
What is the ten thousands digit of 1097980308?
8
What is the hundred millions digit of 790562946?
7
What is the millions digit of 372216296?
2
What is the ten thousands digit of 185090022?
9
What is the thousands digit of 875489847?
9
What is the millions digit of 551763299?
1
What is the ten millions digit of 88263416?
8
What is the millions digit of 4607490966?
7
What is the units digit of 81767831?
1
What is the thousands digit of 452169382?
9
What is the hundred millions digit of 1817767031?
8
What is the millions digit of 5705610?
5
What is the ten thousands digit of 25416913?
1
What is the hundred millions digit of 641257208?
6
What is the millions digit of 254672979?
4
What is the billions digit of 1172501501?
1
What is the millions digit of 28105060?
8
What is the ten millions digit of 286889581?
8
What is the billions digit of 6637809247?
6
What is the units digit of 23929444?
4
What is the hundreds digit of 113818666?
6
What is the ten millions digit of 486678311?
8
What is the hundreds digit of 3159271094?
0
What is the ten thousands digit of 380661059?
6
What is the ten millions digit of 13630427?
1
What is the hundreds digit of 490347933?
9
What is the hundreds digit of 143569840?
8
What is the ten millions digit of 390439560?
9
What is the units digit of 26566904?
4
What is the units digit of 237984232?
2
What is the hundred thousands digit of 676420055?
4
What is the hundred thousands digit of 1492914?
4
What is the thousands digit of 1660800074?
0
What is the ten thousands digit of 1517215877?
1
What is the hundreds digit of 1831977994?
9
What is the hundreds digit of 76093690?
6
What is the thousands digit of 716449876?
9
What is the tens digit of 735024522?
2
What is the millions digit of 15968043?
5
What is the hundreds digit of 228764074?
0
What is the hundred thousands digit of 194180303?
1
What is the hundred thousands digit of 13962824?
9
What is the units digit of 62250694?
4
What is the billions digit of 2761014467?
2
What is the hundred thousands digit of 44016621?
0
What is the billions digit of 2571613500?
2
What is the tens digit of 350891311?
1
What is the ten millions digit of 257924824?
5
What is the ten thousands digit of 5362961944?
6
What is the units digit of 64127273?
3
What is the ten thousands digit of 1217017525?
1
What is the thousands digit of 401653761?
3
What is the hundred thousands digit of 263705163?
7
What is the units digit of 814682980?
0
What is the millions digit of 386782369?
6
What is the tens digit of 235905253?
5
What is the tens digit of 1868193517?
1
What is the ten millions digit of 10418063?
1
What is the millions digit of 5447610247?
7
What is the hundreds digit of 36499629?
6
What is the ten thousands digit of 661529503?
2
What is the hundreds digit of 167589714?
7
What is the ten thousands digit of 214020780?
2
What is the millions digit of 162579353?
2
What is the hundreds digit of 2120552831?
8
What is the hundred millions digit of 126015909?
1
What is the ten thousands digit of 272684687?
8
What is the billions digit of 2755420598?
2
What is the ten thousands digit of 132522220?
2
What is the hundred thousands digit of 87138819?
1
What is the millions digit of 23199281?
3
What is the billions digit of 3099002629?
3
What is the hundred millions digit of 410151413?
4
What is the hundreds digit of 738312968?
9
What is the ten thousands digit of 66049426?
4
What is the hundreds digit of 68689155?
1
What is the units digit of 34957724?
4
What is the millions digit of 560041641?
0
What is the millions digit of 50769950?
0
What is the hundred thousands digit of 1827536764?
5
What is the thousands digit of 14514864?
4
What is the hundreds digit of 6449092955?
9
What is the tens digit of 3915722805?
0
What is the units digit of 396703263?
3
What is the ten thousands digit of 80076523?
7
What is the thousands digit of 285496218?
6
What is the hundred thousands digit of 216248637?
2
What is the millions digit of 3675410167?
5
What is the hundred thousands digit of 37806132?
8
What is the ten millions digit of 24068970?
2
What is the thousands digit of 1209458052?
8
What is the millions digit of 98393916?
8
What is the ten thousands digit of 154598595?
9
What is the hundred thousands digit of 1264700310?
7
What is the hundred thousands digit of 439720791?
7
What is the tens digit of 195750387?
8
What is the thousands digit of 942938223?
8
What is the ten thousands digit of 35765330?
6
What is the units digit of 382022903?
3
What is the ten thousands digit of 126226816?
2
What is the ten millions digit of 52350298?
5
What is the hundreds digit of 62938575?
5
What is the ten millions digit of 965248191?
6
What is the units digit of 6082036196?
6
What is the ten thousands digit of 59062107?
6
What is the hundred millions digit of 3363026785?
3
What is the units digit of 145699727?
7
What is the hundred thousands digit of 333523?
3
What is the hundred thousands digit of 17618706?
6
What is the hundred thousands digit of 295811693?
8
What is the units digit of 14311469?
9
What is the ten millions digit of 215229478?
1
What is the tens digit of 446754084?
8
What is the ten millions digit of 647067402?
4
What is the units digit of 189663239?
9
What is the hundred thousands digit of 255144498?
1
What is the millions digit of 151694342?
1
What is the hundred thousands digit of 160259913?
2
What is the units digit of 2219879313?
3
What is the ten millions digit of 627492476?
2
What is the ten thousands digit of 2765111202?
1
What is the billions digit of 1058550033?
1
What is the ten millions digit of 476447727?
7
What is the hundreds digit of 338861804?
8
What is the thousands digit of 1094514768?
4
What is the units digit of 762757501?
1
What is the hundred thousands digit of 1920704588?
7
What is the ten millions digit of 74869525?
7
What is the ten millions digit of 49592347?
4
What is the hundreds digit of 3515497692?
6
What is the tens digit of 6736926?
2
What is the ten thousands digit of 174420032?
2
What is the ten thousands digit of 7418174?
1
What is the hundred thousands digit of 17123653?
1
What is the billions digit of 1869568523?
1
What is the tens digit of 327735651?
5
What is the tens digit of 4541656?
5
What is the ten millions digit of 12395932?
1
What is the tens digit of 11290132?
3
What is the millions digit of 588958867?
8
What is the units digit of 30023047?
7
What is the hundreds digit of 54484642?
6
What is the millions digit of 477339088?
7
What is the hundred thousands digit of 9671278?
6
What is the ten thousands digit of 8230004?
3
What is the units digit of 108215810?
0
What is the tens digit of 4379279?
7
What is the ten thousands digit of 69282372?
8
What is the thousands digit of 176613411?
3
What is the hundred millions digit of 186705241?
1
What is the ten thousands digit of 5060577321?
7
What is the hundred thousands digit of 943977164?
9
What is the thousands digit of 344399204?
9
What is the millions digit of 7525372141?
5
What is the thousands digit of 23074602?
4
What is the ten thousands digit of 284351786?
5
What is the thousands digit of 1852984162?
4
What is the millions digit of 188875352?
8
What is the tens digit of 111812416?
1
What is the hundred thousands digit of 17312626?
3
What is the ten millions digit of 52565449?
5
What is the thousands digit of 909729757?
9
What is the millions digit of 11398057?
1
What is the hundreds digit of 296868717?
7
What is the ten thousands digit of 69227243?
2
What is the hundred thousands digit of 382355768?
3
What is the ten thousands digit of 59862420?
6
What is the millions digit of 22108940?
2
What is the tens digit of 8193578283?
8
What is the hundreds digit of 6821708567?
5
What i